{"id":2260,"date":"2023-10-18T08:46:39","date_gmt":"2023-10-18T06:46:39","guid":{"rendered":"https:\/\/www.hokubema.com\/manuals\/si-tec-copy.html"},"modified":"2026-02-17T11:48:33","modified_gmt":"2026-02-17T10:48:33","slug":"si-tec_fr","status":"publish","type":"page","link":"https:\/\/www.hokubema.com\/manuals\/si-tec_fr.html","title":{"rendered":"Technologie de s\u00e9curit\u00e9 SI-TEC (Fran\u00e7ais)"},"content":{"rendered":"<p style=\"text-align: right;\"><a href=\"https:\/\/www.hokubema.com\/manuals\/si-tec.html\"><img loading=\"lazy\" decoding=\"async\" class=\"alignnone size-full wp-image-1030\" src=\"https:\/\/www.hokubema.com\/manuals\/wp-content\/uploads\/flag_de-1.png\" alt=\"Deutsche Version\" width=\"33\" height=\"20\" \/><\/a> <a href=\"https:\/\/www.hokubema.com\/manuals\/si-tec_en.html\"><img loading=\"lazy\" decoding=\"async\" class=\"alignnone size-full wp-image-1029\" src=\"https:\/\/www.hokubema.com\/manuals\/wp-content\/uploads\/flag_en-1.png\" alt=\"English Version\" width=\"33\" height=\"20\" \/><\/a> <a href=\"https:\/\/www.hokubema.com\/manuals\/si-tec_nl.html\"><img loading=\"lazy\" decoding=\"async\" class=\"alignnone size-full wp-image-1029\" src=\"https:\/\/www.hokubema.com\/manuals\/wp-content\/uploads\/flag_nl.png\" alt=\"Nederlands\" width=\"33\" height=\"20\" \/><\/a><\/p>\n<p><a href=\"https:\/\/www.hokubema.com\/si-tec\/\" target=\"_blank\" rel=\"noopener\"><img loading=\"lazy\" decoding=\"async\" class=\"alignnone wp-image-235 size-full\" src=\"https:\/\/www.hokubema.com\/manuals\/wp-content\/uploads\/si-tec_2-e1631713857314.png\" alt=\"\" width=\"225\" height=\"97\" \/><\/a><br \/>\n<strong>Sant\u00e9 et s\u00e9curit\u00e9 au travail<\/strong><\/p>\n<p style=\"text-align: left;\" align=\"center\"><strong><\/p>\n<div class=\"wrc-column-grid wrc-column-grid-2\">\n<div  class=\"wrc-column wrc-column-width-1 wrc-column-start\" >\n<p>Notices d\u2019utilisation<br \/>\n<\/strong>Guides \u00e0 onglets double face pour scies \u00e0 format :<br \/>\n<a style=\"text-align: -webkit-center;\" href=\"https:\/\/www.hokubema.com\/manuals\/wp-content\/uploads\/BA_ST_DSG-A_FR.pdf\" target=\"_blank\" rel=\"noopener\">DSG-A<\/a><br \/>\n<a href=\"https:\/\/www.hokubema.com\/manuals\/wp-content\/uploads\/BA_ST_DSG-D_FR.pdf\" target=\"_blank\" rel=\"noopener\">DSG-D<\/a><\/p>\n<p style=\"text-align: left;\" align=\"center\">Guides de fraisage pour pi\u00e8ces courbe :<br \/>\n<a href=\"https:\/\/www.hokubema.com\/manuals\/wp-content\/uploads\/BA_ST_1639-TAPOA_DE-EN-FR-NL.pdf\" target=\"_blank\" rel=\"noopener\">Type 1639 TAPOA<\/a> | <a href=\"https:\/\/www.hokubema.com\/manuals\/wp-content\/uploads\/BA_ST_1637-KOALA_DE-EN-FR-NL.pdf\" target=\"_blank\" rel=\"noopener\">Type 1637 KOALA<\/a><\/p>\n<p style=\"text-align: left;\" align=\"center\">\n<\/div>\n<div  class=\"wrc-column wrc-column-width-1 wrc-column-end\" >\n<p><strong>Notice d\u2019utilisation<\/strong><br \/>\nDispositifs de protection pour d\u00e9gauchisseuses :<br \/>\n<span style=\"text-align: -webkit-center;\"><a href=\"https:\/\/www.hokubema.com\/manuals\/wp-content\/uploads\/Bedienungsanleitung-SUVAMATIC-2023-DE-FR-IT-EN.pdf\" target=\"_blank\" rel=\"noopener\">Protection du pont SUVAMATIC (DE\/FR\/IT\/EN)<\/a><br \/>\n<\/span>(instructions d&#8217;origine du fabricant)<br \/>\n<a href=\"https:\/\/www.hokubema-manuals.de\/uploads\/IB_SUVAMATIC-Installation-Info_FR-NL.pdf\" target=\"_blank\" rel=\"noopener\">SUVAMATIC &#8211; Sch\u00e9ma de per\u00e7age, montage et adaptation<\/a><br \/>\n<em>(fiche d&#8217;information fran\u00e7ais\/n\u00e9erlandais)<\/em><strong><br \/>\n<\/strong><span style=\"text-align: -webkit-center;\"><a href=\"https:\/\/www.hokubema.com\/manuals\/wp-content\/uploads\/BA_ST_TX-MATIC_FR.pdf\" target=\"_blank\" rel=\"noopener\">Protection du pont TX-MATIC<\/a><\/span><br \/>\n<span style=\"text-align: -webkit-center;\"><a href=\"https:\/\/www.hokubema.com\/manuals\/wp-content\/uploads\/BA_ST_TXF-TXR-1570_FR.pdf\" target=\"_blank\" rel=\"noopener\">Protection du pont type 1570 TXF-TXR<\/a><\/span><\/p>\n<p style=\"text-align: left;\" align=\"center\"><span style=\"text-align: -webkit-center;\"><strong>Appareils de r\u00e9glage rapide magn\u00e9tiques pour fers de rabot<\/strong><br \/>\n<a href=\"https:\/\/www.hokubema.com\/manuals\/wp-content\/uploads\/BA_ST_TYP-1533_FR.pdf\" target=\"_blank\" rel=\"noopener\">Appareils de r\u00e9glage rapide Type 1533<\/a><\/p>\n<\/div>\n<\/div>\n<p><!-- .wrc-column-grid --><\/span><\/p>\n<hr \/>\n<p style=\"text-align: left;\" align=\"center\"><strong><\/p>\n<div class=\"wrc-column-grid wrc-column-grid-2\">\n<div  class=\"wrc-column wrc-column-width-1 wrc-column-start\" >\n<p>Notice d\u2019utilisation<br \/>\n<\/strong>Guides de pr\u00e9cision pour lames de scie \u00e0 ruban APA :<br \/>\n<a href=\"https:\/\/www.hokubema.com\/manuals\/wp-content\/uploads\/BA_ST_APA_EN.pdf\" target=\"_blank\" rel=\"noopener\">Guides \u00ab APA \u00bb<\/a>\u00a0(anglais)<\/p>\n<p style=\"text-align: left;\" align=\"center\">\n<\/div>\n<div  class=\"wrc-column wrc-column-width-1 wrc-column-end\" >\n<p><strong>Notice d\u2019utilisation<\/strong><br \/>\nBandages en caoutchouc et en li\u00e8ge pour scies \u00e0 ruban :<strong><br \/>\n<\/strong><span style=\"text-align: -webkit-center;\"><a href=\"https:\/\/www.hokubema.com\/manuals\/wp-content\/uploads\/BA_ST_TYPE-1011_DE-EN-FR-NL.pdf\" target=\"_blank\" rel=\"noopener\">Bandages pour scies \u00e0 ruban type 1011<\/a><\/p>\n<\/div>\n<\/div>\n<p><!-- .wrc-column-grid --><\/span><\/p>\n<hr \/>\n<p style=\"text-align: left;\" align=\"center\"><strong>Fiches d&#8217;information<br \/>\n<\/strong><span style=\"text-align: -webkit-center;\">Accessoires pour scies circulaires de table :<br \/>\n<\/span><a style=\"text-align: -webkit-center;\" href=\"https:\/\/www.hokubema.com\/manuals\/wp-content\/uploads\/IB_ST_Multi-Cut_FR.pdf\" target=\"_blank\" rel=\"noopener\">Fiche d&#8217;information \u00ab Multi-Cut \u00bb<\/a><br \/>\n<a href=\"https:\/\/www.hokubema.com\/manuals\/wp-content\/uploads\/IB_ST_Safety-Power_FR.pdf\" target=\"_blank\" rel=\"noopener\">Fiche d&#8217;information \u00ab Safety-Power \u00bb<\/a><\/p>\n<hr \/>\n<p><strong>Catalogue de produits :<br \/>\n<\/strong><a href=\"https:\/\/www.panhans.de\/wp-content\/uploads\/sitec-katalog-fr.pdf\" target=\"_blank\" rel=\"noopener\">SI-TEC catalogue<\/a><\/p>\n<hr \/>\n<p>&nbsp;<\/p>\n","protected":false},"excerpt":{"rendered":"<p>Sant\u00e9 et s\u00e9curit\u00e9 au travail Fiches d&#8217;information Accessoires pour scies circulaires de table : Fiche d&#8217;information \u00ab Multi-Cut \u00bb Fiche d&#8217;information \u00ab Safety-Power \u00bb Catalogue de produits : SI-TEC catalogue &nbsp;<\/p>\n","protected":false},"author":2,"featured_media":0,"parent":0,"menu_order":0,"comment_status":"closed","ping_status":"closed","template":"","meta":{"footnotes":""},"class_list":["post-2260","page","type-page","status-publish"],"_links":{"self":[{"href":"https:\/\/www.hokubema.com\/manuals\/wp-json\/wp\/v2\/pages\/2260","targetHints":{"allow":["GET"]}}],"collection":[{"href":"https:\/\/www.hokubema.com\/manuals\/wp-json\/wp\/v2\/pages"}],"about":[{"href":"https:\/\/www.hokubema.com\/manuals\/wp-json\/wp\/v2\/types\/page"}],"author":[{"embeddable":true,"href":"https:\/\/www.hokubema.com\/manuals\/wp-json\/wp\/v2\/users\/2"}],"replies":[{"embeddable":true,"href":"https:\/\/www.hokubema.com\/manuals\/wp-json\/wp\/v2\/comments?post=2260"}],"version-history":[{"count":12,"href":"https:\/\/www.hokubema.com\/manuals\/wp-json\/wp\/v2\/pages\/2260\/revisions"}],"predecessor-version":[{"id":5713,"href":"https:\/\/www.hokubema.com\/manuals\/wp-json\/wp\/v2\/pages\/2260\/revisions\/5713"}],"wp:attachment":[{"href":"https:\/\/www.hokubema.com\/manuals\/wp-json\/wp\/v2\/media?parent=2260"}],"curies":[{"name":"wp","href":"https:\/\/api.w.org\/{rel}","templated":true}]}}